{"id":80,"date":"2013-09-19T20:13:54","date_gmt":"2013-09-19T18:13:54","guid":{"rendered":"http:\/\/www.scselters.de\/?page_id=80"},"modified":"2025-07-11T19:35:18","modified_gmt":"2025-07-11T17:35:18","slug":"westerwaldschwimmfest","status":"publish","type":"page","link":"https:\/\/www.sc-selters.de\/?page_id=80","title":{"rendered":"Westerwaldschwimmfest"},"content":{"rendered":"<div class='flex_column av-b5090-34a907973ef36995b0e1f160ab80daa4 av_one_full  avia-builder-el-0  el_before_av_three_fourth  avia-builder-el-first  first flex_column_div '     ><style type=\"text\/css\" data-created_by=\"avia_inline_auto\" id=\"style-css-av-admg4-58fe21f558f73bcc85e88189e3561524\">\n#top .av-special-heading.av-admg4-58fe21f558f73bcc85e88189e3561524{\npadding-bottom:10px;\nfont-size:40px;\n}\nbody .av-special-heading.av-admg4-58fe21f558f73bcc85e88189e3561524 .av-special-heading-tag .heading-char{\nfont-size:25px;\n}\n#top #wrap_all .av-special-heading.av-admg4-58fe21f558f73bcc85e88189e3561524 .av-special-heading-tag{\nfont-size:40px;\n}\n.av-special-heading.av-admg4-58fe21f558f73bcc85e88189e3561524 .av-subheading{\nfont-size:30px;\n}\n\n@media only screen and (min-width: 480px) and (max-width: 767px){ \n#top #wrap_all .av-special-heading.av-admg4-58fe21f558f73bcc85e88189e3561524 .av-special-heading-tag{\nfont-size:0.8em;\n}\n}\n\n@media only screen and (max-width: 479px){ \n#top #wrap_all .av-special-heading.av-admg4-58fe21f558f73bcc85e88189e3561524 .av-special-heading-tag{\nfont-size:0.8em;\n}\n}\n<\/style>\n<div  class='av-special-heading av-admg4-58fe21f558f73bcc85e88189e3561524 av-special-heading-h3 blockquote classic-quote  avia-builder-el-1  avia-builder-el-no-sibling  av-inherit-size'><h3 class='av-special-heading-tag'  itemprop=\"headline\"  >Westerwaldschwimmfest<\/h3><div class='av-subheading av-subheading_below'><p>Sommerschwimmfest des SC Selters im Freibad Herschbach.<\/p>\n<\/div><div class=\"special-heading-border\"><div class=\"special-heading-inner-border\"><\/div><\/div><\/div><\/div>\n<div class='flex_column av-9p9ac-fcff76c79aea33f512b62b889424d91c av_three_fourth  avia-builder-el-2  el_after_av_one_full  el_before_av_one_fourth  first flex_column_div column-top-margin'     ><section  class='av_textblock_section av-9hozk-ca2d920633cc870e380342142f3bfd41'  itemscope=\"itemscope\" itemtype=\"https:\/\/schema.org\/CreativeWork\" ><div class='avia_textblock'  itemprop=\"text\" ><p>Das Westerwaldschwimmfest des SC Selters findet 2018 zum 32. Mal statt. Die erste Austragung fand schon im Jahr 1985, ein Jahr nach der Vereinsgr\u00fcndung, statt. Nach dem das erste Schwimmfest noch als Pfingstschwimmen ausgeschrieben war wechselte man sp\u00e4ter von Terminen nach den Sommerferien auf den Termin im Juni. Die ersten Wettk\u00e4mpfe fanden noch im 25m Hallenbad in Dierdorf statt. Danach wechselte man ins 50m Freibad in Herschbach, welches nach dem Umbau 1993\/94 nur noch \u00fcber ein 5 x 25m Becken verf\u00fcgt. 1993 war man wegen des Umbaus zu Gast im 50m Freibad in Ransbach-Baumbach.<\/p>\n<\/div><\/section><\/div>\n\n<style type=\"text\/css\" data-created_by=\"avia_inline_auto\" id=\"style-css-av-8wa5k-e9ab5ed2aab7769e05ebe88ad5dca5eb\">\n.flex_column.av-8wa5k-e9ab5ed2aab7769e05ebe88ad5dca5eb{\n-webkit-border-radius:0px 0px 0px 0px;\n-moz-border-radius:0px 0px 0px 0px;\nborder-radius:0px 0px 0px 0px;\npadding:0px 0px 0px 0px;\n}\n<\/style>\n<div class='flex_column av-8wa5k-e9ab5ed2aab7769e05ebe88ad5dca5eb av_one_fourth  avia-builder-el-4  el_after_av_three_fourth  el_before_av_one_third  flex_column_div av-zero-column-padding column-top-margin'     ><p><div id='avia-messagebox-' class='avia_message_box av_notification av-898g4-d615729196ffc1bad6761091026c5b13 avia-color-blue avia-size-normal avia-icon_select-yes avia-border-dashed  avia-builder-el-5  el_before_av_textblock  avia-builder-el-first ' ><div class=\"avia_message_box_content\"><span class='avia_message_box_icon' aria-hidden='true' data-av_icon='\ue81e' data-av_iconfont='entypo-fontello'><\/span><p>Das Protokoll f\u00fcr 2018 ist online!<\/p>\n<\/div><\/div><br \/>\n<section  class='av_textblock_section av-7lv8s-c24e66df32870bf688e8a7f6e80687a9'  itemscope=\"itemscope\" itemtype=\"https:\/\/schema.org\/CreativeWork\" ><div class='avia_textblock'  itemprop=\"text\" ><p>[wpfilebase tag=file id=183 \/]<\/p>\n<p>[wpfilebase tag=file id=184 \/]<\/p>\n<\/div><\/section><\/p><\/div>\n<div class='flex_column av-n868-0dea6eb03e590b8c7bdb7b09bbb0535d av_one_third  avia-builder-el-7  el_after_av_one_fourth  el_before_av_two_third  first flex_column_div column-top-margin'     ><style type=\"text\/css\" data-created_by=\"avia_inline_auto\" id=\"style-css-av-5sjs0-5852a34f2174d7bfc6ae6f38d8a71609\">\n.avia-image-container.av-5sjs0-5852a34f2174d7bfc6ae6f38d8a71609 img.avia_image{\nbox-shadow:none;\n}\n.avia-image-container.av-5sjs0-5852a34f2174d7bfc6ae6f38d8a71609 .av-image-caption-overlay-center{\ncolor:#ffffff;\n}\n<\/style>\n<div  class='avia-image-container av-5sjs0-5852a34f2174d7bfc6ae6f38d8a71609 av-styling- avia_animated_image av-animated-when-visible-95 top-to-bottom avia-align-center  avia-builder-el-8  avia-builder-el-no-sibling '   itemprop=\"image\" itemscope=\"itemscope\" itemtype=\"https:\/\/schema.org\/ImageObject\" ><div class=\"avia-image-container-inner\"><div class=\"avia-image-overlay-wrap\"><img decoding=\"async\" width=\"333\" height=\"500\" class='wp-image-204 avia-img-lazy-loading-not-204 avia_image ' src=\"http:\/\/www.sc-selters.de\/wp-content\/uploads\/2013\/09\/herschbach1.jpg\" alt='' title='herschbach1'   itemprop=\"thumbnailUrl\" srcset=\"https:\/\/www.sc-selters.de\/wp-content\/uploads\/2013\/09\/herschbach1.jpg 333w, https:\/\/www.sc-selters.de\/wp-content\/uploads\/2013\/09\/herschbach1-199x300.jpg 199w\" sizes=\"(max-width: 333px) 100vw, 333px\" \/><\/div><\/div><\/div><\/div>\n\n<style type=\"text\/css\" data-created_by=\"avia_inline_auto\" id=\"style-css-av-5cskk-12b15b7c72eeee75533ff5f23605b64b\">\n.flex_column.av-5cskk-12b15b7c72eeee75533ff5f23605b64b{\n-webkit-border-radius:0px 0px 0px 0px;\n-moz-border-radius:0px 0px 0px 0px;\nborder-radius:0px 0px 0px 0px;\npadding:0px 0px 0px 0px;\n}\n<\/style>\n<div class='flex_column av-5cskk-12b15b7c72eeee75533ff5f23605b64b av_two_third  avia-builder-el-9  el_after_av_one_third  el_before_av_hr  flex_column_div av-zero-column-padding column-top-margin'     ><section  class='av_textblock_section av-4hs24-65875396f41994cf0a843ee4adadfbb0'  itemscope=\"itemscope\" itemtype=\"https:\/\/schema.org\/CreativeWork\" ><div class='avia_textblock'  itemprop=\"text\" ><p>Seit 1995 wird f\u00fcr die Punktbeste Mannschaft der Veranstaltung ein Wanderpokal, gestifftet von der Verbandsgemeinde Selters, vergeben. Der Pokal geht in den Bezitz des Vereins \u00fcber, der ihn 3 mal in Folge oder insgesamt 5 mal erringt.<\/p>\n<p>Pokalsieger:<br \/>\n1995: SG Lahn-Eder<br \/>\n1996: &#8211;<br \/>\n1997: SK Kaiserslautern<br \/>\n1998: Br\u00fchler SK<br \/>\n1999\/2000: Hofheimer SC<br \/>\n2001: SV Poseidon Limburg<br \/>\n2002: ST Daaden-Wissen<br \/>\n2003-2005: Hofheimer SC &#8211; Der Pokal geht nach 5 Siegen an den Verein.<br \/>\n2006-2008: Hofheimer SC &#8211; Der Pokal geht nach 3 Siegen in Folge an den Verein.<br \/>\n2009-2011: Hofheimer SC &#8211; Der Pokal geht nach 3 Siegen in Folge an den Verein.<br \/>\n2012: ST Daaden-Wissen<br \/>\n2013: Idarer TV<br \/>\n2014-2016: ST Daaden-Wissen &#8211; Der Pokal geht nach 3 Siegen in Folge an den Verein.<br \/>\n2017: TV 08 Baumbach<br \/>\n2018: TuS Montabaur<\/p>\n<\/div><\/section><\/div>\n<div  class='hr av-3v3xk-f40d855d0f1af9b0c2f3e15fddf97377 hr-default  avia-builder-el-11  el_after_av_two_third  el_before_av_sidebar '><span class='hr-inner '><span class=\"hr-inner-style\"><\/span><\/span><\/div>\n\n","protected":false},"excerpt":{"rendered":"","protected":false},"author":1,"featured_media":0,"parent":0,"menu_order":0,"comment_status":"open","ping_status":"open","template":"","meta":{"_bbp_topic_count":0,"_bbp_reply_count":0,"_bbp_total_topic_count":0,"_bbp_total_reply_count":0,"_bbp_voice_count":0,"_bbp_anonymous_reply_count":0,"_bbp_topic_count_hidden":0,"_bbp_reply_count_hidden":0,"_bbp_forum_subforum_count":0,"footnotes":""},"class_list":["post-80","page","type-page","status-publish","hentry"],"_links":{"self":[{"href":"https:\/\/www.sc-selters.de\/index.php?rest_route=\/wp\/v2\/pages\/80","targetHints":{"allow":["GET"]}}],"collection":[{"href":"https:\/\/www.sc-selters.de\/index.php?rest_route=\/wp\/v2\/pages"}],"about":[{"href":"https:\/\/www.sc-selters.de\/index.php?rest_route=\/wp\/v2\/types\/page"}],"author":[{"embeddable":true,"href":"https:\/\/www.sc-selters.de\/index.php?rest_route=\/wp\/v2\/users\/1"}],"replies":[{"embeddable":true,"href":"https:\/\/www.sc-selters.de\/index.php?rest_route=%2Fwp%2Fv2%2Fcomments&post=80"}],"version-history":[{"count":40,"href":"https:\/\/www.sc-selters.de\/index.php?rest_route=\/wp\/v2\/pages\/80\/revisions"}],"predecessor-version":[{"id":1816,"href":"https:\/\/www.sc-selters.de\/index.php?rest_route=\/wp\/v2\/pages\/80\/revisions\/1816"}],"wp:attachment":[{"href":"https:\/\/www.sc-selters.de\/index.php?rest_route=%2Fwp%2Fv2%2Fmedia&parent=80"}],"curies":[{"name":"wp","href":"https:\/\/api.w.org\/{rel}","templated":true}]}}